{"id":151,"date":"2023-08-09T15:48:50","date_gmt":"2023-08-09T13:48:50","guid":{"rendered":"https:\/\/parafianiedzieliska.pl\/?page_id=151"},"modified":"2025-08-21T08:33:25","modified_gmt":"2025-08-21T06:33:25","slug":"nabozenstwa","status":"publish","type":"page","link":"https:\/\/parafianiedzieliska.pl\/?page_id=151","title":{"rendered":"Nabo\u017ce\u0144stwa"},"content":{"rendered":"\n<p><strong>MSZE \u015aWI\u0118TE<\/strong><\/p>\n\n\n\n<p><strong>Niedziela<\/strong>: 7.30 oraz 11.00<\/p>\n\n\n\n<p>9.00 w kaplicy Wisowatki<\/p>\n\n\n\n<p><strong>Poniedzia\u0142ek, \u015broda, pi\u0105tek:<\/strong> 18.00<\/p>\n\n\n\n<p><strong>Wtorek, czwartek, sobota<\/strong>: 7.00<\/p>\n\n\n\n<p><strong>W pierwszy czwartek, pi\u0105tek i sobot\u0119<\/strong>: 7.00 oraz 18.00<\/p>\n\n\n\n<br>\n\n\n\n<p>Wypominki za zmar\u0142ych w niedziel\u0119 o godz. 7.15 i 10.45<\/p>\n\n\n\n<p>Nowenna do Matki Bo\u017cej w \u015brod\u0119 o godz. 18.00<\/p>\n\n\n\n<p>Koronka do Bo\u017cego Mi\u0142osierdzia  w pi\u0105tek po mszy \u015bw. wieczornej<\/p>\n\n\n\n<p>Adoracja Naj\u015bwi\u0119tszego Sakramentu w pierwszy pi\u0105tek od godz. 17.00<\/p>\n\n\n\n<p>Gorzkie \u017bale w niedziel\u0119 o godz. 14.00 i Msza \u015awi\u0119ta<\/p>\n\n\n\n<p>Droga Krzy\u017cowa pi\u0105tek o godz. 17.30<\/p>\n\n\n\n<br>\n\n\n\n<p><strong>NABO\u017bE\u0143STWA R\u00d3\u017bA\u0143COWE<\/strong><\/p>\n\n\n\n<p>o godz. 18.00<\/p>\n\n\n\n<br>\n\n\n\n<p><strong>RORATY<\/strong><\/p>\n\n\n\n<p>codziennie od poniedzia\u0142ku do pi\u0105tku o godz. 17.30, w sobot\u0119 o godz. 6.00<\/p>\n\n\n\n<br>\n\n\n\n<p><strong>NABO\u017bE\u0143STWA MAJOWE<\/strong><\/p>\n\n\n\n<p> o godz. 18.00<\/p>\n\n\n\n<p><\/p>\n","protected":false},"excerpt":{"rendered":"<p>MSZE \u015aWI\u0118TE Niedziela: 7.30 oraz 11.00 9.00 w kaplicy Wisowatki Poniedzia\u0142ek, \u015broda, pi\u0105tek: 18.00 Wtorek, czwartek, sobota: 7.00 W pierwszy czwartek, pi\u0105tek i sobot\u0119: 7.00 oraz 18.00 Wypominki za zmar\u0142ych w niedziel\u0119 o godz.&#46;&#46;&#46;<\/p>\n","protected":false},"author":1,"featured_media":0,"parent":0,"menu_order":0,"comment_status":"closed","ping_status":"closed","template":"","meta":{"_eb_attr":"","footnotes":""},"class_list":["post-151","page","type-page","status-publish","hentry"],"_links":{"self":[{"href":"https:\/\/parafianiedzieliska.pl\/index.php?rest_route=\/wp\/v2\/pages\/151","targetHints":{"allow":["GET"]}}],"collection":[{"href":"https:\/\/parafianiedzieliska.pl\/index.php?rest_route=\/wp\/v2\/pages"}],"about":[{"href":"https:\/\/parafianiedzieliska.pl\/index.php?rest_route=\/wp\/v2\/types\/page"}],"author":[{"embeddable":true,"href":"https:\/\/parafianiedzieliska.pl\/index.php?rest_route=\/wp\/v2\/users\/1"}],"replies":[{"embeddable":true,"href":"https:\/\/parafianiedzieliska.pl\/index.php?rest_route=%2Fwp%2Fv2%2Fcomments&post=151"}],"version-history":[{"count":30,"href":"https:\/\/parafianiedzieliska.pl\/index.php?rest_route=\/wp\/v2\/pages\/151\/revisions"}],"predecessor-version":[{"id":1796,"href":"https:\/\/parafianiedzieliska.pl\/index.php?rest_route=\/wp\/v2\/pages\/151\/revisions\/1796"}],"wp:attachment":[{"href":"https:\/\/parafianiedzieliska.pl\/index.php?rest_route=%2Fwp%2Fv2%2Fmedia&parent=151"}],"curies":[{"name":"wp","href":"https:\/\/api.w.org\/{rel}","templated":true}]}}