{"id":110,"date":"2023-08-09T12:21:43","date_gmt":"2023-08-09T10:21:43","guid":{"rendered":"https:\/\/parafianiedzieliska.pl\/?page_id=110"},"modified":"2023-08-10T13:08:20","modified_gmt":"2023-08-10T11:08:20","slug":"bierzmowanie","status":"publish","type":"page","link":"https:\/\/parafianiedzieliska.pl\/?page_id=110","title":{"rendered":"Bierzmowanie"},"content":{"rendered":"\n<figure class=\"wp-block-image size-full is-resized\"><img loading=\"lazy\" decoding=\"async\" src=\"http:\/\/parafianiedzieliska.pl\/wp-content\/uploads\/2023\/08\/Bierzmowanie1704.jpg\" alt=\"\" class=\"wp-image-218\" style=\"width:296px;height:172px\" width=\"296\" height=\"172\" srcset=\"https:\/\/parafianiedzieliska.pl\/wp-content\/uploads\/2023\/08\/Bierzmowanie1704.jpg 340w, https:\/\/parafianiedzieliska.pl\/wp-content\/uploads\/2023\/08\/Bierzmowanie1704-300x174.jpg 300w\" sizes=\"auto, (max-width: 296px) 100vw, 296px\" \/><\/figure>\n\n\n\n<p>PRZYGOTOWANIE DO SAKRAMENTU<\/p>\n\n\n\n<p>Klasa VII<\/p>\n\n\n\n<p>Klasa VIII<\/p>\n\n\n\n<p>Odprawianie nabo\u017ce\u0144stwa dziewi\u0119ciu I pi\u0105tk\u00f3w miesi\u0105ca<\/p>\n\n\n\n<p>Uczestniczenie w nabo\u017ce\u0144stwach&nbsp;<\/p>\n\n\n\n<p>W\u0142a\u015bciwe zachowanie w szkole i poza ni\u0105, \u015bwiadcz\u0105ce o dojrza\u0142o\u015bci chrze\u015bcija\u0144skiej kandydata<\/p>\n\n\n\n<p>Dostarczenie \u015bwiadectwa Chrztu \u015awi\u0119tego \u2013 je\u015bli chrzest by\u0142 poza parafi\u0105<\/p>\n\n\n\n<p>Wyb\u00f3r \u201cw\u0142a\u015bciwego\u201d \u015bwiadka Bierzmowania (wierz\u0105cy i praktykuj\u0105cy)<\/p>\n\n\n\n<p>Kandydat przyst\u0119puje do Bierzmowania we w\u0142asnej parafii; w przeciwnym wypadku wymagana jest pisemna zgoda w\u0142asnego proboszcza.<\/p>\n","protected":false},"excerpt":{"rendered":"<p>PRZYGOTOWANIE DO SAKRAMENTU Klasa VII Klasa VIII Odprawianie nabo\u017ce\u0144stwa dziewi\u0119ciu I pi\u0105tk\u00f3w miesi\u0105ca Uczestniczenie w nabo\u017ce\u0144stwach&nbsp; W\u0142a\u015bciwe zachowanie w szkole i poza ni\u0105, \u015bwiadcz\u0105ce o dojrza\u0142o\u015bci chrze\u015bcija\u0144skiej kandydata Dostarczenie \u015bwiadectwa Chrztu \u015awi\u0119tego \u2013 je\u015bli&#46;&#46;&#46;<\/p>\n","protected":false},"author":1,"featured_media":0,"parent":0,"menu_order":0,"comment_status":"closed","ping_status":"closed","template":"","meta":{"_eb_attr":"","footnotes":""},"class_list":["post-110","page","type-page","status-publish","hentry"],"_links":{"self":[{"href":"https:\/\/parafianiedzieliska.pl\/index.php?rest_route=\/wp\/v2\/pages\/110","targetHints":{"allow":["GET"]}}],"collection":[{"href":"https:\/\/parafianiedzieliska.pl\/index.php?rest_route=\/wp\/v2\/pages"}],"about":[{"href":"https:\/\/parafianiedzieliska.pl\/index.php?rest_route=\/wp\/v2\/types\/page"}],"author":[{"embeddable":true,"href":"https:\/\/parafianiedzieliska.pl\/index.php?rest_route=\/wp\/v2\/users\/1"}],"replies":[{"embeddable":true,"href":"https:\/\/parafianiedzieliska.pl\/index.php?rest_route=%2Fwp%2Fv2%2Fcomments&post=110"}],"version-history":[{"count":3,"href":"https:\/\/parafianiedzieliska.pl\/index.php?rest_route=\/wp\/v2\/pages\/110\/revisions"}],"predecessor-version":[{"id":220,"href":"https:\/\/parafianiedzieliska.pl\/index.php?rest_route=\/wp\/v2\/pages\/110\/revisions\/220"}],"wp:attachment":[{"href":"https:\/\/parafianiedzieliska.pl\/index.php?rest_route=%2Fwp%2Fv2%2Fmedia&parent=110"}],"curies":[{"name":"wp","href":"https:\/\/api.w.org\/{rel}","templated":true}]}}